 + 3*k. Let h(n) = 4*n**2 - n - 15. What is the units digit of h(f)?
0
Let j be 9/5 - 5/(-25). Suppose 0 = j*a + 2*u - 36 - 20, 0 = -4*a + 2*u + 130. Suppose 0 = -2*m + 217 + a. What is the hundreds digit of m?
1
Let g = -1252 - -10258. What is the tens digit of g?
0
Let r be ((-10)/15)/(-1) - (-30)/9. Suppose 4*f = g + 5, -47 = -5*g - 0*f - 4*f. Suppose g*t = r*t + 270. What is the units digit of t?
0
Let j be -13 - 3*3/9. Let t be (-9)/63 - 72/j. Suppose -t*w - 6*w + 891 = 0. What is the tens digit of w?
8
Let v = 0 + -7. Let w(d) = d**3 + 7*d**2 + d + 6. Let x be w(v). What is the tens digit of (x - 556/(-10)) + (-60)/(-150)?
5
Let d(s) = -1 + 42*s**3 - 2*s**2 - 19*s**3 - 3*s + 4 - 22*s**3. Suppose 6*x = 2*x - 5*r + 17, 5 = 2*x - r. What is the units digit of d(x)?
3
Suppose 5*x - 20 = 3*x. Suppose -7*m - 246 = -x*m. Let k = m + -48. What is the units digit of k?
4
What is the tens digit of 4272 - 21 - (-5 + -7)?
6
Let s(b) = -3*b**3 - 35*b**2 - 12*b + 10. Let f(r) = 2*r**3 + 18*r**2 + 5*r - 4. Let w(t) = 7*f(t) + 4*s(t). What is the units digit of w(12)?
6
Suppose i - 6 = -2*x - i, 4*x = -3*i + 11. Suppose 7*k = x*k + 360. Suppose 0 = 5*o - k - 393. What is the tens digit of o?
9
Let j(l) = -25*l - 10 + 23 + 29 + 27. What is the tens digit of j(-47)?
4
Suppose -26*i + 21*i = -3*a + 946, -a + 4*i = -320. Suppose -3*k + 1851 = a. What is the units digit of k?
3
Let n(l) = 15*l**2 + 103*l - 8. Let o be n(-7). Let d(a) = 2*a**2 - 21*a + 11. Let b(t) = -t. Let m(z) = 6*b(z) - d(z). What is the units digit of m(o)?
7
Let h(y) = y**3 + 7*y**2 + 9*y + 6. Let a be h(-3). Suppose 0 = a*l - 798 - 3237. What is the units digit of l?
9
Let x(q) = q**3 - 5*q**2 - 13*q - 2. Let d be x(7). Suppose -d*k + 65 = 15. Let f(c) = 3*c**2 - 4*c. What is the hundreds digit of f(k)?
2
Let o(c) = -c - 7. Let x be o(-11). Let d be 7 - x/1 - (2 + -1). Suppose 3*n - a - d*a = 480, 3*a = -12. What is the tens digit of n?
5
Suppose 0 = o - 3*x - 74, -5*x + 313 + 137 = 5*o. Suppose -24 = -4*t + 36. What is the tens digit of t/(-5) + o/1?
8
Suppose -5*q - 2*h = -8, -4*q + 3*q + 2*h - 8 = 0. Let x be -146*(-6 + 5 + -1) - q. Suppose -4*u + x + 668 = 0. What is the units digit of u?
0
Suppose -l = -9*u - 9*u - 44864, -l - u = -44940. What is the thousands digit of l?
4
Suppose -d - 38 + 1053 + 4926 = 0. What is the units digit of d?
1
Let k(w) = -3*w + 55. Let b be k(19). Let l be 304/(b*3/(-18)). What is the tens digit of ((-9)/12)/((-4)/l)?
7
Suppose -12*w - 8*w + 60 = 0. Suppose -5*i + 4*t + 82 = -0*i, -w*i + 2*t = -48. What is the tens digit of i?
1
Let k = 155 + -158. What is the tens digit of (-1241)/(4 + -2 + k)?
4
Let b be 4/14 + (16/(-56) - -2). Suppose d + b*m + 7 = 0, 0*m = 5*d + 3*m + 14. What is the tens digit of ((-33)/6)/(d/14)?
7
Suppose -139*g + 57*g + 2930516 = 0. What is the hundreds digit of g?
7
Let y(m) be the second derivative of m**5/20 + 9*m**4/4 + 9*m**3 - 5*m**2 + 54*m. What is the hundreds digit of y(-9)?
9
Let y(n) = 105*n + 13. Let v be y(3). Let r = 572 - v. Suppose -5*g + 506 = -r. What is the tens digit of g?
5
Suppose 22*o = 5*o + 9996. Suppose 0 = 24*f - 23*f - 854. Let a = f - o. What is the tens digit of a?
6
Suppose -50 = 5*l - y - 192, 0 = 4*y + 8. Suppose 0 = f - 5*a - 5, 3*f = -0*a + 2*a + l. What is the units digit of f?
0
Let t(a) be the third derivative of 2*a**4/3 + 3*a**3 - 19*a**2. Let r be t(10). Let o = -92 + r. What is the units digit of o?
6
Let d be (26/8)/((-84)/(-672)). Suppose d = 6*k - 322. What is the tens digit of k?
5
Suppose -d + 9*u = 6*u - 261, -5*u = -4*d + 1051. Let h be ((-3)/(-2))/(18/d). Let z = h + 31. What is the tens digit of z?
5
Suppose 7047 = -21*f + 24*f. Let r = f + -1669. What is the hundreds digit of r?
6
Let v(u) = 21 + 12 - 3 - 212*u - 7. What is the thousands digit of v(-5)?
1
Let s(o) = -o**3 - 12*o**2 + 280*o + 12. What is the tens digit of s(-30)?
1
Let n(w) = 0 - 46*w**3 - 10*w**3 + 1 - 65*w**3. Suppose 5*x - 1 + 6 = 0. What is the units digit of n(x)?
2
Let i(z) be the third derivative of z**5/5 + 11*z**4/24 - 2*z**3/3 - 10*z**2. What is the tens digit of i(-6)?
6
Let m(z) be the second derivative of -z - 1/20*z**5 + 0 + z**4 + 7/6*z**3 - 12*z**2. What is the tens digit of m(12)?
6
Let v(m) = -506*m + 372. What is the units digit of v(-15)?
2
What is the units digit of (-148)/(-222) - (-818668)/12?
3
Suppose 5*w - 6*w = 4731. Let v be (4/(-6))/(19/w). Suppose 0 = 4*l - 6*l + v. What is the tens digit of l?
8
Suppose 1340*x - 1344*x = -142476. What is the tens digit of x?
1
Let v(b) = -150*b + 6*b**3 + 118*b + 58 - 5*b**3 - 36*b**2. What is the units digit of v(37)?
3
Suppose 2*j = 2*w - 33854 - 14114, j - 71936 = -3*w. What is the tens digit of w?
8
Suppose i + l + 421 = 3*i, -5*i + 1050 = -5*l. Let y = 134 - i. Let c = -51 - y. What is the tens digit of c?
2
Suppose -12*y - 5*y = -765. Suppose -m + 186 = -y. What is the hundreds digit of m?
2
Suppose -17*t + 3 = -337. Suppose t = -5*z, -3*i + 270 = -5*z - 485. What is the tens digit of i?
4
What is the ten thousands digit of (-21 + 8610/(-56))/((-3)/976)?
5
Let d = 2685 + 39092. What is the ten thousands digit of d?
4
Let s be 30/(-105) - ((-2104)/14 + -2). Suppose z = 2*m - 26 + 154, -z = 4*m - s. What is the tens digit of z?
3
Suppose -10764 = -3*k + 84909. Suppose -k = -25*n + 5134. What is the thousands digit of n?
1
Let i(j) = -2*j + 23*j**2 + 8*j**2 + 0*j**2 + 1. Let p = 24 + -22. What is the tens digit of i(p)?
2
Suppose -5*a = -5*s - 7358 - 47872, -s + 11040 = a. What is the thousands digit of a?
1
Let b(v) = -v**3 + 10*v**2 + 20 + 10*v + 8 + 3 + 5*v**2. Let a(m) = m**3 - 16*m**2 - 11*m - 32. Let y(s) = -2*a(s) - 3*b(s). What is the units digit of y(14)?
5
Suppose -3*z - 12 = 0, -5*z + 2898 = 4*d - 17362. What is the thousands digit of d?
5
Suppose -3*i + 0*i = 9, 9 = -2*b - 5*i. Let v(h) = 12*h**3 + 2*h**2 + 2*h + 2. What is the units digit of v(b)?
0
Let b = 20239 - -2007. What is the ten thousands digit of b?
2
Let f(m) = -11*m**3 - m**2 - 3 - m + 13 + 11 - 4 - 11*m**3. What is the units digit of f(-3)?
5
Suppose -634071 - 203997 = -44*a. What is the hundreds digit of a?
0
Let t(o) = -119*o**2 + 0 + 122*o**2 + 12*o**3 + 5. Let g be t(3). Let j = g + -152. What is the units digit of j?
4
Suppose -2*l = -5*l. Suppose l = 3*w + 8 + 4. What is the units digit of w/(-10)*(34 + -14)?
8
Let g(m) = -3352*m - 6363. What is the hundreds digit of g(-12)?
8
Suppose c + 17*c + 0*c = 0. Suppose -2*u = -4*m + 3*u + 905, c = 3*m - u - 676. What is the units digit of m?
5
Let m be 70/140 + 743/2. Let h = 892 - m. What is the units digit of h?
0
Suppose -30*z = -71489 - 300904 - 75687. What is the units digit of z?
6
Suppose -2874 + 144 = -7*w. Suppose 37*t - 27*t = w. What is the tens digit of t?
3
Suppose 0 = -4*g - 4*s + 24, 0 = 4*g + 2*s + 25 - 41. Suppose -5*l - g*c = -6210, -l = -3*c - 2*c - 1242. What is the units digit of l?
2
Let r = 812 + -2671. Let m = -735 - r. What is the thousands digit of m?
1
Suppose d + 201 = 3*b, 0 = 20*b - 15*b + 5*d - 355. Let v = b + -8. What is the units digit of v?
0
Let o be (-2 - (-13)/(-2))/((-20)/(-40)). Let s(v) = v**3 + 16*v**2 - 23*v - 1. What is the units digit of s(o)?
1
Let n(t) = 12*t**2 - 52*t + 717. What is the units digit of n(33)?
9
Let a be (-1 + -4)/(1/(-2)). Let x(z) = -z**3 + 11*z**2 - 9*z - 6. Let m be x(a). Suppose m = -n + 53. What is the units digit of n?
9
Let b(z) = 1214*z**2 - 597*z + 2403. What is the tens digit of b(4)?
3
Let f = 113 - 35. Suppose 106 = 2*n + f. What is the units digit of 0*2/n - (1 - 278)?
7
What is the units digit of (19 + -20 - -7410) + 10?
9
Let o be -12 - ((-1)/(-3))/((-2)/18). Let z(h) = 2*h**2 - 7*h - 11. Let u be z(o). What is the tens digit of 6/(2 + -6 + u/52)?
5
Let h = -13386 - -42346. What is the ten thousands digit of h?
2
Suppose 3*m - 4*m - 2*g = -10218, 5*m = -g + 51045. What is the units digit of m?
8
Let l(i) = -76 + 76 - 61*i. Let q(a) = -305*a - 1. Let k(d) = 11*l(d) - 2*q(d). What is the units digit of k(-1)?
3
Let x = -186 + 191. Suppose 700 = 2*z - 4*j, -4*z - 9*j + x*j = -1448. What is the units digit of z?
8
Let g(h) = -h**2 - 78*h - 222. Let f be g(-75). Let y(v) = v + 2. Let j be y(0). Suppose 3*n = -4*s + 174, -j*s - f*n = -s - 48.